{"id":5,"date":"2016-03-17T17:25:31","date_gmt":"2016-03-17T17:25:31","guid":{"rendered":"http:\/\/demos.artbees.net\/jupiter5\/feretrius\/?page_id=5"},"modified":"2024-05-30T10:32:00","modified_gmt":"2024-05-30T10:32:00","slug":"home","status":"publish","type":"page","link":"http:\/\/www.fusspflege-toffen.ch\/","title":{"rendered":"Home"},"content":{"rendered":"[mk_page_section bg_image=&#8220;http:\/\/www.fusspflege-toffen.ch\/wp-content\/uploads\/2016\/09\/adobestock_89891562.jpeg&#8220; attachment=&#8220;fixed&#8220; bg_position=&#8220;center bottom&#8220; bg_repeat=&#8220;no-repeat&#8220; bg_stretch=&#8220;true&#8220; enable_3d=&#8220;true&#8220; speed_factor=&#8220;2.9&#8243; video_color_mask=&#8220;#000000&#8243; full_width=&#8220;true&#8220; full_height=&#8220;true&#8220; top_shape_color=&#8220;#ffffff&#8220; has_bottom_shape_divider=&#8220;true&#8220; bottom_shape_size=&#8220;small&#8220; bottom_shape_color=&#8220;#ffffff&#8220; sidebar=&#8220;sidebar-1&#8243;][vc_column][mk_image src=&#8220;http:\/\/www.fusspflege-toffen.ch\/wp-content\/uploads\/2016\/09\/cs_logo_white_typo_full_v2mdpi.png&#8220; image_size=&#8220;full&#8220; align=&#8220;center&#8220; animation=&#8220;fade-in&#8220;][\/vc_column][\/mk_page_section][mk_page_section bg_image=&#8220;http:\/\/www.fusspflege-toffen.ch\/wp-content\/uploads\/2016\/09\/adobestock_84686144.jpg&#8220; bg_position=&#8220;right bottom&#8220; bg_repeat=&#8220;no-repeat&#8220; video_color_mask=&#8220;#ffffff&#8220; video_opacity=&#8220;0.4&#8243; full_width=&#8220;true&#8220; padding_bottom=&#8220;40&#8243; top_shape_color=&#8220;#b829d1&#8243; has_bottom_shape_divider=&#8220;true&#8220; bottom_shape_color=&#8220;&#8220; sidebar=&#8220;sidebar-1&#8243;][vc_column][mk_padding_divider size=&#8220;110&#8243;][vc_row_inner is_fullwidth_content=&#8220;false&#8220;][vc_column_inner width=&#8220;1\/3&#8243;][mk_fancy_title color=&#8220;#dbd899&#8243; size=&#8220;45&#8243; force_font_size=&#8220;true&#8220; size_tablet=&#8220;60&#8243; font_weight=&#8220;300&#8243; txt_transform=&#8220;none&#8220; margin_bottom=&#8220;50&#8243; font_family=&#8220;Playfair+Display&#8220; font_type=&#8220;google&#8220; align=&#8220;center&#8220; animation=&#8220;fade-in&#8220;]Gepflegte F\u00fcsse\u00a0sind kein Zufall[\/mk_fancy_title][mk_divider style=&#8220;thin_solid&#8220; thin_single_color=&#8220;#dbd899&#8243; thickness=&#8220;2&#8243; margin_top=&#8220;0&#8243; margin_bottom=&#8220;30&#8243;][mk_fancy_title color=&#8220;#878787&#8243; size=&#8220;22&#8243; font_weight=&#8220;300&#8243; txt_transform=&#8220;none&#8220; margin_bottom=&#8220;50&#8243; font_family=&#8220;Playfair+Display&#8220; font_type=&#8220;google&#8220; animation=&#8220;fade-in&#8220;]\n<p style=\"text-align: justify;\">F\u00fcsse werden oft in der Pflege \u00fcbergangen. Dabei leisten sie Schwerstarbeit beim Tragen durch unser t\u00e4gliches Leben.\u00a0Tragen wir ihnen Sorge, Tragen sie uns ein Leben lang.<\/p>\n<p>&nbsp;<\/p>\n<p><strong>PREISANPASSUNG PER 01.06.2024<\/strong><\/p>\n<p>Gesch\u00e4tzte Kundin und Kunde<\/p>\n<p>Wie ich Ihnen ggf. bereits m\u00fcndlich mitgeteilt habe, werde ich aus wirtschaftlichen Gr\u00fcnden meine Preise f\u00fcr die Fusspflege anpassen m\u00fcssen. Die Preise werden um CHF 5.00 erh\u00f6ht.<\/p>\n<p>Auf meiner Website sind bereits die aktualisierten Preise aufgef\u00fchrt.<br \/>\nDanke f\u00fcr Ihr Verst\u00e4ndnis.[\/mk_fancy_title][\/vc_column_inner][vc_column_inner width=&#8220;2\/3&#8243;][\/vc_column_inner][\/vc_row_inner][\/vc_column][\/mk_page_section][mk_page_section bg_color=&#8220;#dbd899&#8243; attachment=&#8220;fixed&#8220; bg_position=&#8220;center center&#8220; bg_stretch=&#8220;true&#8220; enable_3d=&#8220;true&#8220; video_opacity=&#8220;0&#8243; min_height=&#8220;300&#8243; full_width=&#8220;true&#8220; has_top_shape_divider=&#8220;true&#8220; top_shape_color=&#8220;#ffffff&#8220; has_bottom_shape_divider=&#8220;true&#8220; bottom_shape_color=&#8220;#ffffff&#8220; sidebar=&#8220;sidebar-1&#8243;][vc_column][vc_row_inner is_fullwidth_content=&#8220;false&#8220;][vc_column_inner][\/vc_column_inner][\/vc_row_inner][\/vc_column][\/mk_page_section][mk_page_section bg_image=&#8220;http:\/\/www.fusspflege-toffen.ch\/wp-content\/uploads\/2016\/09\/adobestock_58533929.jpg&#8220; bg_color=&#8220;#ffffff&#8220; bg_position=&#8220;right bottom&#8220; bg_repeat=&#8220;no-repeat&#8220; video_color_mask=&#8220;#ffffff&#8220; video_opacity=&#8220;0.5&#8243; min_height=&#8220;400&#8243; full_width=&#8220;true&#8220; padding_top=&#8220;60&#8243; top_shape_color=&#8220;&#8220; bottom_shape_color=&#8220;#cadb37&#8243; animation=&#8220;fade-in&#8220; sidebar=&#8220;sidebar-1&#8243;][vc_column][vc_row_inner][vc_column_inner width=&#8220;1\/4&#8243;][\/vc_column_inner][vc_column_inner width=&#8220;1\/2&#8243;][mk_fancy_title color=&#8220;#dbd899&#8243; size=&#8220;65&#8243; force_font_size=&#8220;true&#8220; size_tablet=&#8220;60&#8243; font_weight=&#8220;300&#8243; txt_transform=&#8220;none&#8220; margin_bottom=&#8220;10&#8243; font_family=&#8220;Playfair+Display&#8220; font_type=&#8220;google&#8220; align=&#8220;center&#8220; animation=&#8220;fade-in&#8220;]Ich biete Ihnen[\/mk_fancy_title][\/vc_column_inner][vc_column_inner width=&#8220;1\/4&#8243;][\/vc_column_inner][\/vc_row_inner][vc_row_inner is_fullwidth_content=&#8220;false&#8220;][vc_column_inner][mk_divider style=&#8220;thin_solid&#8220; thin_single_color=&#8220;#dbd899&#8243; thickness=&#8220;2&#8243; margin_bottom=&#8220;60&#8243;][\/vc_column_inner][\/vc_row_inner][\/vc_column][vc_column][vc_row_inner is_fullwidth_content=&#8220;false&#8220;][vc_column_inner width=&#8220;1\/4&#8243;][mk_custom_box margin_bottom=&#8220;0&#8243; min_height=&#8220;500&#8243; bg_color=&#8220;#bf95a3&#8243; background_hov_color_style=&#8220;image&#8220; bg_hov_color=&#8220;#896b72&#8243; bg_image_hov_effect=&#8220;grayscale&#8220; bg_stretch=&#8220;false&#8220;][mk_fancy_title color=&#8220;#ffffff&#8220; size=&#8220;30&#8243; font_weight=&#8220;400&#8243; txt_transform=&#8220;none&#8220; margin_bottom=&#8220;10&#8243; font_family=&#8220;HelveticaNeue-Light, Helvetica Neue Light, Helvetica Neue, Helvetica, Arial, &#8222;Lucida Grande&#8222;, sans-serif&#8220; font_type=&#8220;safefont&#8220; align=&#8220;center&#8220; animation=&#8220;fade-in&#8220;]Fusspflege[\/mk_fancy_title][mk_divider style=&#8220;thin_solid&#8220; divider_width=&#8220;one_half&#8220; thin_single_color=&#8220;#ffffff&#8220; margin_top=&#8220;0&#8243;][mk_fancy_title color=&#8220;#ffffff&#8220; size=&#8220;15&#8243; font_weight=&#8220;300&#8243; txt_transform=&#8220;none&#8220; margin_bottom=&#8220;10&#8243; font_family=&#8220;HelveticaNeue-Light, Helvetica Neue Light, Helvetica Neue, Helvetica, Arial, &#8222;Lucida Grande&#8222;, sans-serif&#8220; font_type=&#8220;safefont&#8220; animation=&#8220;fade-in&#8220;]Mit einer regelm\u00e4ssigen Fusspflege k\u00f6nnen Sie viel zur Prophylaxe und Gesundheit Ihrer F\u00fcsse und N\u00e4gel beitragen.<\/p>\n<p>Profitieren Sie von der angenehmen Pflege, Entspannung und dem Gef\u00fchl des Wohlergehens.[\/mk_fancy_title][\/mk_custom_box][mk_button dimension=&#8220;flat&#8220; size=&#8220;medium&#8220; url=&#8220;http:\/\/www.fusspflege-toffen.ch\/?page_id=11&#8243; align=&#8220;center&#8220; fullwidth=&#8220;true&#8220; bg_color=&#8220;#dbd899&#8243; btn_hover_bg=&#8220;#888888&#8243;]Mehr[\/mk_button][\/vc_column_inner][vc_column_inner width=&#8220;1\/4&#8243;][mk_custom_box margin_bottom=&#8220;0&#8243; min_height=&#8220;500&#8243; bg_color=&#8220;#bf95a3&#8243; background_hov_color_style=&#8220;image&#8220; bg_hov_color=&#8220;#896b72&#8243; bg_image_hov_effect=&#8220;grayscale&#8220; bg_stretch=&#8220;false&#8220;][mk_fancy_title color=&#8220;#ffffff&#8220; size=&#8220;30&#8243; font_weight=&#8220;400&#8243; txt_transform=&#8220;none&#8220; margin_bottom=&#8220;10&#8243; font_family=&#8220;HelveticaNeue-Light, Helvetica Neue Light, Helvetica Neue, Helvetica, Arial, &#8222;Lucida Grande&#8222;, sans-serif&#8220; font_type=&#8220;safefont&#8220; align=&#8220;center&#8220; animation=&#8220;fade-in&#8220;]Fusspflege<\/p>\n<p>mit Nagellack[\/mk_fancy_title][mk_divider style=&#8220;thin_solid&#8220; divider_width=&#8220;one_half&#8220; thin_single_color=&#8220;#ffffff&#8220; margin_top=&#8220;0&#8243;][mk_fancy_title color=&#8220;#ffffff&#8220; size=&#8220;15&#8243; font_weight=&#8220;300&#8243; txt_transform=&#8220;none&#8220; margin_bottom=&#8220;10&#8243; font_family=&#8220;HelveticaNeue-Light, Helvetica Neue Light, Helvetica Neue, Helvetica, Arial, &#8222;Lucida Grande&#8222;, sans-serif&#8220; font_type=&#8220;safefont&#8220; animation=&#8220;fade-in&#8220;]Versch\u00f6nern Sie Ihre F\u00fcsse nach einer Fusspflegebehandlung mit Lack. Es stehen ihnen Nagellacke von klassischen bis trendigen Farben\u00a0zur Verf\u00fcgung. Wenn Sie Ihren eigenen Nagellack bevorzugen, d\u00fcrfen Sie diesen gerne mitbringen.[\/mk_fancy_title][\/mk_custom_box][mk_button dimension=&#8220;flat&#8220; size=&#8220;medium&#8220; url=&#8220;http:\/\/www.fusspflege-toffen.ch\/?page_id=11&#8243; align=&#8220;center&#8220; fullwidth=&#8220;true&#8220; bg_color=&#8220;#dbd899&#8243; btn_hover_bg=&#8220;#888888&#8243;]Mehr[\/mk_button][\/vc_column_inner][vc_column_inner width=&#8220;1\/4&#8243;][mk_custom_box margin_bottom=&#8220;0&#8243; min_height=&#8220;500&#8243; bg_color=&#8220;#bf95a3&#8243; background_hov_color_style=&#8220;image&#8220; bg_hov_color=&#8220;#896b72&#8243; bg_image_hov_effect=&#8220;grayscale&#8220; bg_stretch=&#8220;false&#8220;][mk_fancy_title color=&#8220;#ffffff&#8220; size=&#8220;30&#8243; font_weight=&#8220;400&#8243; txt_transform=&#8220;none&#8220; margin_bottom=&#8220;10&#8243; font_family=&#8220;HelveticaNeue-Light, Helvetica Neue Light, Helvetica Neue, Helvetica, Arial, &#8222;Lucida Grande&#8222;, sans-serif&#8220; font_type=&#8220;safefont&#8220; align=&#8220;center&#8220; animation=&#8220;fade-in&#8220;]N\u00e4gel schneiden[\/mk_fancy_title][mk_divider style=&#8220;thin_solid&#8220; divider_width=&#8220;one_half&#8220; thin_single_color=&#8220;#ffffff&#8220; margin_top=&#8220;0&#8243;][mk_fancy_title color=&#8220;#ffffff&#8220; size=&#8220;15&#8243; font_weight=&#8220;300&#8243; txt_transform=&#8220;none&#8220; margin_bottom=&#8220;10&#8243; font_family=&#8220;HelveticaNeue-Light, Helvetica Neue Light, Helvetica Neue, Helvetica, Arial, &#8222;Lucida Grande&#8222;, sans-serif&#8220; font_type=&#8220;safefont&#8220; animation=&#8220;fade-in&#8220;]W\u00e4hrend 30min. arbeite ich nach Dringlichkeit der gesundheitlichen Anliegen und werde demnach auf Fussbad oder H\u00e4utchen zur\u00fcckstossen verzichten. Wenn mehr Zeit ben\u00f6tigt wird, kann der Preis nach Absprache varieren.[\/mk_fancy_title][\/mk_custom_box][mk_button dimension=&#8220;flat&#8220; size=&#8220;medium&#8220; url=&#8220;http:\/\/www.fusspflege-toffen.ch\/?page_id=11&#8243; align=&#8220;center&#8220; fullwidth=&#8220;true&#8220; bg_color=&#8220;#dbd899&#8243; btn_hover_bg=&#8220;#888888&#8243;]Mehr[\/mk_button][\/vc_column_inner][\/vc_row_inner][vc_row_inner is_fullwidth_content=&#8220;false&#8220;][vc_column_inner width=&#8220;1\/4&#8243;][mk_custom_box margin_bottom=&#8220;0&#8243; min_height=&#8220;500&#8243; bg_color=&#8220;#bf95a3&#8243; background_hov_color_style=&#8220;image&#8220; bg_hov_color=&#8220;#896b72&#8243; bg_image_hov_effect=&#8220;grayscale&#8220; bg_stretch=&#8220;false&#8220;][mk_fancy_title color=&#8220;#ffffff&#8220; size=&#8220;30&#8243; font_weight=&#8220;400&#8243; txt_transform=&#8220;none&#8220; margin_bottom=&#8220;10&#8243; font_family=&#8220;HelveticaNeue-Light, Helvetica Neue Light, Helvetica Neue, Helvetica, Arial, &#8222;Lucida Grande&#8222;, sans-serif&#8220; font_type=&#8220;safefont&#8220; align=&#8220;center&#8220; animation=&#8220;fade-in&#8220;]French Gel[\/mk_fancy_title][mk_divider style=&#8220;thin_solid&#8220; divider_width=&#8220;one_half&#8220; thin_single_color=&#8220;#ffffff&#8220; margin_top=&#8220;0&#8243;][mk_fancy_title color=&#8220;#ffffff&#8220; size=&#8220;15&#8243; font_weight=&#8220;300&#8243; txt_transform=&#8220;none&#8220; margin_bottom=&#8220;10&#8243; font_family=&#8220;HelveticaNeue-Light, Helvetica Neue Light, Helvetica Neue, Helvetica, Arial, &#8222;Lucida Grande&#8222;, sans-serif&#8220; font_type=&#8220;safefont&#8220; animation=&#8220;fade-in&#8220;]Das Gel sowie das weisse French wird in mehreren Schichten auf den gesunden Nagel aufgetragen und unter der UV-Lampe ausgeh\u00e4rtet. Zum Schluss werden die N\u00e4gel mit einem UV-Gel versiegelt. Mit dem nat\u00fcrlichen French-Look sehen Ihre N\u00e4gel 5 bis 7 Wochen lang jeden Tag aus \u201ewie Neu\u201c.[\/mk_fancy_title][\/mk_custom_box][mk_button dimension=&#8220;flat&#8220; size=&#8220;medium&#8220; url=&#8220;http:\/\/www.fusspflege-toffen.ch\/?page_id=11&#8243; align=&#8220;center&#8220; fullwidth=&#8220;true&#8220; bg_color=&#8220;#dbd899&#8243; btn_hover_bg=&#8220;#888888&#8243;]Mehr[\/mk_button][\/vc_column_inner][vc_column_inner width=&#8220;1\/4&#8243;][mk_custom_box margin_bottom=&#8220;0&#8243; min_height=&#8220;500&#8243; bg_color=&#8220;#bf95a3&#8243; background_hov_color_style=&#8220;image&#8220; bg_hov_color=&#8220;#896b72&#8243; bg_image_hov_effect=&#8220;grayscale&#8220; bg_stretch=&#8220;false&#8220;][mk_fancy_title color=&#8220;#ffffff&#8220; size=&#8220;30&#8243; font_weight=&#8220;400&#8243; txt_transform=&#8220;none&#8220; margin_bottom=&#8220;10&#8243; font_family=&#8220;HelveticaNeue-Light, Helvetica Neue Light, Helvetica Neue, Helvetica, Arial, &#8222;Lucida Grande&#8222;, sans-serif&#8220; font_type=&#8220;safefont&#8220; align=&#8220;center&#8220; animation=&#8220;fade-in&#8220;]Nagelschmuck[\/mk_fancy_title][mk_divider style=&#8220;thin_solid&#8220; divider_width=&#8220;one_half&#8220; thin_single_color=&#8220;#ffffff&#8220; margin_top=&#8220;0&#8243;][mk_fancy_title color=&#8220;#ffffff&#8220; size=&#8220;15&#8243; font_weight=&#8220;300&#8243; txt_transform=&#8220;none&#8220; margin_bottom=&#8220;10&#8243; font_family=&#8220;HelveticaNeue-Light, Helvetica Neue Light, Helvetica Neue, Helvetica, Arial, &#8222;Lucida Grande&#8222;, sans-serif&#8220; font_type=&#8220;safefont&#8220; animation=&#8220;fade-in&#8220;]Ob mit Steinchen, Glitzerlinien oder romantischen Stickers, ob dezent oder auffallend, gerne berate ich Sie, um Ihren F\u00fcssen den perfekten Look zu verpassen.[\/mk_fancy_title][\/mk_custom_box][mk_button dimension=&#8220;flat&#8220; size=&#8220;medium&#8220; url=&#8220;http:\/\/www.fusspflege-toffen.ch\/?page_id=11&#8243; align=&#8220;center&#8220; fullwidth=&#8220;true&#8220; bg_color=&#8220;#dbd899&#8243; btn_hover_bg=&#8220;#888888&#8243;]Mehr[\/mk_button][\/vc_column_inner][vc_column_inner width=&#8220;1\/4&#8243;][\/vc_column_inner][\/vc_row_inner][mk_padding_divider size=&#8220;400&#8243;][\/vc_column][\/mk_page_section][mk_page_section top_shape_color=&#8220;&#8220; has_bottom_shape_divider=&#8220;true&#8220; bottom_shape_color=&#8220;#b28b97&#8243; sidebar=&#8220;sidebar-1&#8243;][vc_column][\/vc_column][\/mk_page_section]\n","protected":false},"excerpt":{"rendered":"<p>[mk_page_section bg_image=&#8220;http:\/\/www.fusspflege-toffen.ch\/wp-content\/uploads\/2016\/09\/adobestock_89891562.jpeg&#8220; attachment=&#8220;fixed&#8220; bg_position=&#8220;center bottom&#8220; bg_repeat=&#8220;no-repeat&#8220; bg_stretch=&#8220;true&#8220; enable_3d=&#8220;true&#8220; speed_factor=&#8220;2.9&#8243; video_color_mask=&#8220;#000000&#8243; full_width=&#8220;true&#8220; full_height=&#8220;true&#8220; top_shape_color=&#8220;#ffffff&#8220; has_bottom_shape_divider=&#8220;true&#8220; bottom_shape_size=&#8220;small&#8220; bottom_shape_color=&#8220;#ffffff&#8220; sidebar=&#8220;sidebar-1&#8243;][vc_column][mk_image src=&#8220;http:\/\/www.fusspflege-toffen.ch\/wp-content\/uploads\/2016\/09\/cs_logo_white_typo_full_v2mdpi.png&#8220; image_size=&#8220;full&#8220; align=&#8220;center&#8220; animation=&#8220;fade-in&#8220;][\/vc_column][\/mk_page_section][mk_page_section bg_image=&#8220;http:\/\/www.fusspflege-toffen.ch\/wp-content\/uploads\/2016\/09\/adobestock_84686144.jpg&#8220; bg_position=&#8220;right bottom&#8220; bg_repeat=&#8220;no-repeat&#8220; video_color_mask=&#8220;#ffffff&#8220; video_opacity=&#8220;0.4&#8243; full_width=&#8220;true&#8220; padding_bottom=&#8220;40&#8243; top_shape_color=&#8220;#b829d1&#8243; has_bottom_shape_divider=&#8220;true&#8220; bottom_shape_color=&#8220;&#8220; sidebar=&#8220;sidebar-1&#8243;][vc_column][mk_padding_divider size=&#8220;110&#8243;][vc_row_inner is_fullwidth_content=&#8220;false&#8220;][vc_column_inner width=&#8220;1\/3&#8243;][mk_fancy_title color=&#8220;#dbd899&#8243; size=&#8220;45&#8243; force_font_size=&#8220;true&#8220; size_tablet=&#8220;60&#8243; font_weight=&#8220;300&#8243; txt_transform=&#8220;none&#8220; margin_bottom=&#8220;50&#8243; font_family=&#8220;Playfair+Display&#8220; font_type=&#8220;google&#8220; align=&#8220;center&#8220; animation=&#8220;fade-in&#8220;]Gepflegte F\u00fcsse\u00a0sind kein Zufall[\/mk_fancy_title][mk_divider style=&#8220;thin_solid&#8220; thin_single_color=&#8220;#dbd899&#8243; thickness=&#8220;2&#8243; margin_top=&#8220;0&#8243; margin_bottom=&#8220;30&#8243;][mk_fancy_title [&hellip;]<\/p>\n","protected":false},"author":1,"featured_media":0,"parent":0,"menu_order":0,"comment_status":"closed","ping_status":"closed","template":"","meta":{"_mi_skip_tracking":false},"yoast_head":"<!-- This site is optimized with the Yoast SEO plugin v18.4.1 - https:\/\/yoast.com\/wordpress\/plugins\/seo\/ -->\n<title>Home - Claudia Str&uuml;bin Fusspflegepraxis<\/title>\n<meta name=\"description\" content=\"Wilkommen in der Fusspflegepraxis in Toffen.\" \/>\n<meta name=\"robots\" content=\"index, follow, max-snippet:-1, max-image-preview:large, max-video-preview:-1\" \/>\n<link rel=\"canonical\" href=\"https:\/\/www.fusspflege-toffen.ch\/\" \/>\n<meta property=\"og:locale\" content=\"de_DE\" \/>\n<meta property=\"og:type\" content=\"article\" \/>\n<meta property=\"og:title\" content=\"Home - Claudia Str&uuml;bin Fusspflegepraxis\" \/>\n<meta property=\"og:description\" content=\"Wilkommen in der Fusspflegepraxis in Toffen.\" \/>\n<meta property=\"og:url\" content=\"https:\/\/www.fusspflege-toffen.ch\/\" \/>\n<meta property=\"og:site_name\" content=\"Claudia Str&uuml;bin Fusspflegepraxis\" \/>\n<meta property=\"article:modified_time\" content=\"2024-05-30T10:32:00+00:00\" \/>\n<meta name=\"twitter:card\" content=\"summary\" \/>\n<meta name=\"twitter:label1\" content=\"Gesch\u00e4tzte Lesezeit\" \/>\n\t<meta name=\"twitter:data1\" content=\"4 Minuten\" \/>\n<script type=\"application\/ld+json\" class=\"yoast-schema-graph\">{\"@context\":\"https:\/\/schema.org\",\"@graph\":[{\"@type\":\"WebSite\",\"@id\":\"https:\/\/www.fusspflege-toffen.ch\/#website\",\"url\":\"https:\/\/www.fusspflege-toffen.ch\/\",\"name\":\"Claudia Str&uuml;bin Fusspflegepraxis\",\"description\":\"Fusspflegepraxis in Toffen\",\"potentialAction\":[{\"@type\":\"SearchAction\",\"target\":{\"@type\":\"EntryPoint\",\"urlTemplate\":\"https:\/\/www.fusspflege-toffen.ch\/?s={search_term_string}\"},\"query-input\":\"required name=search_term_string\"}],\"inLanguage\":\"de-DE\"},{\"@type\":\"WebPage\",\"@id\":\"https:\/\/www.fusspflege-toffen.ch\/#webpage\",\"url\":\"https:\/\/www.fusspflege-toffen.ch\/\",\"name\":\"Home - Claudia Str&uuml;bin Fusspflegepraxis\",\"isPartOf\":{\"@id\":\"https:\/\/www.fusspflege-toffen.ch\/#website\"},\"datePublished\":\"2016-03-17T17:25:31+00:00\",\"dateModified\":\"2024-05-30T10:32:00+00:00\",\"description\":\"Wilkommen in der Fusspflegepraxis in Toffen.\",\"breadcrumb\":{\"@id\":\"https:\/\/www.fusspflege-toffen.ch\/#breadcrumb\"},\"inLanguage\":\"de-DE\",\"potentialAction\":[{\"@type\":\"ReadAction\",\"target\":[\"https:\/\/www.fusspflege-toffen.ch\/\"]}]},{\"@type\":\"BreadcrumbList\",\"@id\":\"https:\/\/www.fusspflege-toffen.ch\/#breadcrumb\",\"itemListElement\":[{\"@type\":\"ListItem\",\"position\":1,\"name\":\"Startseite\",\"item\":\"https:\/\/www.fusspflege-toffen.ch\/\"},{\"@type\":\"ListItem\",\"position\":2,\"name\":\"Home\"}]}]}<\/script>\n<!-- \/ Yoast SEO plugin. -->","yoast_head_json":{"title":"Home - Claudia Str&uuml;bin Fusspflegepraxis","description":"Wilkommen in der Fusspflegepraxis in Toffen.","robots":{"index":"index","follow":"follow","max-snippet":"max-snippet:-1","max-image-preview":"max-image-preview:large","max-video-preview":"max-video-preview:-1"},"canonical":"https:\/\/www.fusspflege-toffen.ch\/","og_locale":"de_DE","og_type":"article","og_title":"Home - Claudia Str&uuml;bin Fusspflegepraxis","og_description":"Wilkommen in der Fusspflegepraxis in Toffen.","og_url":"https:\/\/www.fusspflege-toffen.ch\/","og_site_name":"Claudia Str&uuml;bin Fusspflegepraxis","article_modified_time":"2024-05-30T10:32:00+00:00","twitter_card":"summary","twitter_misc":{"Gesch\u00e4tzte Lesezeit":"4 Minuten"},"schema":{"@context":"https:\/\/schema.org","@graph":[{"@type":"WebSite","@id":"https:\/\/www.fusspflege-toffen.ch\/#website","url":"https:\/\/www.fusspflege-toffen.ch\/","name":"Claudia Str&uuml;bin Fusspflegepraxis","description":"Fusspflegepraxis in Toffen","potentialAction":[{"@type":"SearchAction","target":{"@type":"EntryPoint","urlTemplate":"https:\/\/www.fusspflege-toffen.ch\/?s={search_term_string}"},"query-input":"required name=search_term_string"}],"inLanguage":"de-DE"},{"@type":"WebPage","@id":"https:\/\/www.fusspflege-toffen.ch\/#webpage","url":"https:\/\/www.fusspflege-toffen.ch\/","name":"Home - Claudia Str&uuml;bin Fusspflegepraxis","isPartOf":{"@id":"https:\/\/www.fusspflege-toffen.ch\/#website"},"datePublished":"2016-03-17T17:25:31+00:00","dateModified":"2024-05-30T10:32:00+00:00","description":"Wilkommen in der Fusspflegepraxis in Toffen.","breadcrumb":{"@id":"https:\/\/www.fusspflege-toffen.ch\/#breadcrumb"},"inLanguage":"de-DE","potentialAction":[{"@type":"ReadAction","target":["https:\/\/www.fusspflege-toffen.ch\/"]}]},{"@type":"BreadcrumbList","@id":"https:\/\/www.fusspflege-toffen.ch\/#breadcrumb","itemListElement":[{"@type":"ListItem","position":1,"name":"Startseite","item":"https:\/\/www.fusspflege-toffen.ch\/"},{"@type":"ListItem","position":2,"name":"Home"}]}]}},"_links":{"self":[{"href":"http:\/\/www.fusspflege-toffen.ch\/index.php?rest_route=\/wp\/v2\/pages\/5"}],"collection":[{"href":"http:\/\/www.fusspflege-toffen.ch\/index.php?rest_route=\/wp\/v2\/pages"}],"about":[{"href":"http:\/\/www.fusspflege-toffen.ch\/index.php?rest_route=\/wp\/v2\/types\/page"}],"author":[{"embeddable":true,"href":"http:\/\/www.fusspflege-toffen.ch\/index.php?rest_route=\/wp\/v2\/users\/1"}],"replies":[{"embeddable":true,"href":"http:\/\/www.fusspflege-toffen.ch\/index.php?rest_route=%2Fwp%2Fv2%2Fcomments&post=5"}],"version-history":[{"count":288,"href":"http:\/\/www.fusspflege-toffen.ch\/index.php?rest_route=\/wp\/v2\/pages\/5\/revisions"}],"predecessor-version":[{"id":8772,"href":"http:\/\/www.fusspflege-toffen.ch\/index.php?rest_route=\/wp\/v2\/pages\/5\/revisions\/8772"}],"wp:attachment":[{"href":"http:\/\/www.fusspflege-toffen.ch\/index.php?rest_route=%2Fwp%2Fv2%2Fmedia&parent=5"}],"curies":[{"name":"wp","href":"https:\/\/api.w.org\/{rel}","templated":true}]}}