{"id":9,"date":"2016-03-17T17:33:14","date_gmt":"2016-03-17T17:33:14","guid":{"rendered":"http:\/\/demos.artbees.net\/jupiter5\/feretrius\/?page_id=9"},"modified":"2018-04-23T20:56:23","modified_gmt":"2018-04-23T20:56:23","slug":"ueber-mich","status":"publish","type":"page","link":"http:\/\/www.fusspflege-toffen.ch\/?page_id=9","title":{"rendered":"\u00dcber mich"},"content":{"rendered":"[mk_page_section bg_image=&#8220;http:\/\/www.fusspflege-toffen.ch\/wp-content\/uploads\/2016\/09\/adobestock_81831552.jpeg&#8220; attachment=&#8220;fixed&#8220; bg_position=&#8220;center bottom&#8220; bg_repeat=&#8220;no-repeat&#8220; bg_stretch=&#8220;true&#8220; enable_3d=&#8220;true&#8220; video_loop=&#8220;false&#8220; video_color_mask=&#8220;#000000&#8243; video_opacity=&#8220;0.4&#8243; full_width=&#8220;true&#8220; full_height=&#8220;true&#8220; top_shape_color=&#8220;#ffffff&#8220; has_bottom_shape_divider=&#8220;true&#8220; bottom_shape_color=&#8220;#ffffff&#8220; sidebar=&#8220;sidebar-1&#8243;][vc_column][mk_fancy_title tag_name=&#8220;h1&#8243; color=&#8220;#ffffff&#8220; size=&#8220;100&#8243; force_font_size=&#8220;true&#8220; size_tablet=&#8220;60&#8243; font_weight=&#8220;bold&#8220; txt_transform=&#8220;capitalize&#8220; font_family=&#8220;Playfair+Display&#8220; font_type=&#8220;google&#8220; align=&#8220;center&#8220;]Mit jedem Schritt[\/mk_fancy_title][mk_divider style=&#8220;thin_solid&#8220; divider_width=&#8220;custom_width&#8220; custom_width=&#8220;340&#8243; thin_single_color=&#8220;#ffffff&#8220; margin_top=&#8220;0&#8243; margin_bottom=&#8220;40&#8243;][mk_fancy_title tag_name=&#8220;h6&#8243; color=&#8220;#ffffff&#8220; size=&#8220;18&#8243; font_weight=&#8220;300&#8243; txt_transform=&#8220;uppercase&#8220; letter_spacing=&#8220;4&#8243; margin_bottom=&#8220;0&#8243; font_family=&#8220;Open+Sans&#8220; font_type=&#8220;google&#8220; align=&#8220;center&#8220;]lassen wir ein St\u00fcck Vergangenheit hinter uns[\/mk_fancy_title][mk_fancy_title tag_name=&#8220;h6&#8243; color=&#8220;#ffffff&#8220; size=&#8220;18&#8243; font_weight=&#8220;300&#8243; txt_transform=&#8220;uppercase&#8220; letter_spacing=&#8220;4&#8243; margin_bottom=&#8220;0&#8243; font_family=&#8220;Open+Sans&#8220; font_type=&#8220;google&#8220; align=&#8220;center&#8220;]und beschreiten einen weiteren in die Zukunft&#8230;[\/mk_fancy_title][\/vc_column][\/mk_page_section][vc_row][vc_column][mk_padding_divider size=&#8220;140&#8243;][\/vc_column][\/vc_row][vc_row][vc_column][mk_fancy_title tag_name=&#8220;h4&#8243; color=&#8220;#888888&#8243; size=&#8220;28&#8243; font_weight=&#8220;400&#8243; font_style=&#8220;normal&#8220; txt_transform=&#8220;none&#8220; margin_bottom=&#8220;0&#8243; font_family=&#8220;Playfair+Display&#8220; font_type=&#8220;google&#8220; animation=&#8220;fade-in&#8220;]\n<p style=\"text-align: center;\">Die F\u00fcsse geh\u00f6ren zu unseren wichtigsten K\u00f6rperteilen und dennoch schenken wir Ihnen wenig Aufmerksamkeit.<\/p>\n[\/mk_fancy_title][mk_divider style=&#8220;thin_solid&#8220; divider_width=&#8220;one_half&#8220; thin_single_color=&#8220;#cadb37&#8243; thickness=&#8220;2&#8243; margin_top=&#8220;40&#8243; margin_bottom=&#8220;50&#8243;][vc_column_text]Ist ja eigentlich auch logisch, denn Sie sind am weitesten entfernt von unserem Kopf. Zudem verbringen unsere F\u00fcsse die meiste Zeit \u00fcber in Socken und Schuhen und somit gilt oft: aus dem Auge aus dem Sinn.<\/p>\n<p>Doch wenn man bedenkt, dass einem die F\u00fcsse ein Leben lang tragen ist das eine unglaubliche Leistung!<\/p>\n<p>Aber was tun Sie, wenn Sie pl\u00f6tzlich beim Gehen Schmerzen haben?<\/p>\n<p>Bei mir sind Ihre F\u00fcsse in guten H\u00e4nden. Gesundheit, Wohlbefinden und auch Sch\u00f6nheit stehen im Zentrum meiner Arbeit. G\u00f6nnen Sie Ihren F\u00fcssen regelm\u00e4ssig etwas Gutes und sie tragen Sie noch lange weiter. Finden Sie hier das passende Angebot. Gerne berate ich Sie auch pers\u00f6nlich.<\/p>\n<p>Bereits in fr\u00fcheren Berufst\u00e4tigkeiten war und ist mir das Wohlergehen eines Menschen stets\u00a0wichtig gewesen und deshalb f\u00fchle ich mich heute in der Fusspflege zu Hause. Damit ich Sie immer auf dem neusten Wissensstand bedienen kann, bilde ich mich st\u00e4ndig weiter, indem ich Seminare und Weiterbildungen besuche.<\/p>\n<p>Die Ausbildung zur Fusspflege habe ich im Jahr 2015 erfolgreich abgeschlossen. Seither habe ich mein\u00a0Wissen im praktischen Arbeiten vertieft. Per 01.10.2016 habe ich die Fusspflegepraxis in Toffen \u00fcbernommen und freue mich seither in diesem faszinierenden Berufsfeld arbeiten zu d\u00fcrfen<\/p>\n<p>&nbsp;<\/p>\n<p>Ich freue mich auf Sie.[\/vc_column_text][vc_row_inner][vc_column_inner width=&#8220;1\/2&#8243;][mk_image src=&#8220;http:\/\/www.fusspflege-toffen.ch\/wp-content\/uploads\/2016\/09\/claudia-strbin_sign.jpg&#8220; image_size=&#8220;medium&#8220;][\/vc_column_inner][\/vc_row_inner][vc_column_text]Claudia Str\u00fcbin[\/vc_column_text][\/vc_column][vc_column][\/vc_column][\/vc_row][mk_page_section bg_color=&#8220;#bf95a3&#8243; attachment=&#8220;fixed&#8220; bg_position=&#8220;center center&#8220; bg_stretch=&#8220;true&#8220; enable_3d=&#8220;true&#8220; video_opacity=&#8220;0&#8243; min_height=&#8220;300&#8243; full_width=&#8220;true&#8220; has_top_shape_divider=&#8220;true&#8220; top_shape_color=&#8220;#ffffff&#8220; has_bottom_shape_divider=&#8220;true&#8220; bottom_shape_color=&#8220;#ffffff&#8220; sidebar=&#8220;sidebar-1&#8243;][vc_column][\/vc_column][\/mk_page_section][mk_page_section bg_color=&#8220;#ffffff&#8220; video_opacity=&#8220;0&#8243; padding_top=&#8220;0&#8243; has_top_shape_divider=&#8220;true&#8220; top_shape_color=&#8220;#ffffff&#8220; has_bottom_shape_divider=&#8220;true&#8220; bottom_shape_color=&#8220;#ffffff&#8220; sidebar=&#8220;sidebar-1&#8243;][vc_column][vc_row_inner animation=&#8220;top-to-bottom&#8220;][vc_column_inner][mk_fancy_title color=&#8220;#dbd899&#8243; size=&#8220;65&#8243; force_font_size=&#8220;true&#8220; size_tablet=&#8220;60&#8243; font_weight=&#8220;300&#8243; txt_transform=&#8220;none&#8220; margin_bottom=&#8220;30&#8243; font_family=&#8220;Playfair+Display&#8220; font_type=&#8220;google&#8220; align=&#8220;center&#8220; animation=&#8220;fade-in&#8220;]Ausbildung[\/mk_fancy_title][mk_divider style=&#8220;thin_solid&#8220; thin_single_color=&#8220;#dbd899&#8243; thickness=&#8220;2&#8243; margin_top=&#8220;0&#8243; margin_bottom=&#8220;50&#8243;][mk_fancy_title tag_name=&#8220;h4&#8243; size=&#8220;24&#8243; font_weight=&#8220;400&#8243; txt_transform=&#8220;none&#8220; margin_bottom=&#8220;0&#8243; font_family=&#8220;HelveticaNeue-Light, Helvetica Neue Light, Helvetica Neue, Helvetica, Arial, &#8222;Lucida Grande&#8222;, sans-serif&#8220; font_type=&#8220;safefont&#8220; align=&#8220;center&#8220;]dipl. Fusspflege<\/p>\n<p>&nbsp;<\/p>\n<p>French Pedik\u00fcre<\/p>\n<p>&nbsp;<\/p>\n<p>div. Weiterbildungen im Bereich Fusspflege<\/p>\n<p>&nbsp;<\/p>\n<p>Visagistin \/ MakeUp Artist[\/mk_fancy_title][\/vc_column_inner][\/vc_row_inner][\/vc_column][\/mk_page_section][mk_page_section top_shape_color=&#8220;&#8220; has_bottom_shape_divider=&#8220;true&#8220; bottom_shape_color=&#8220;#b28b97&#8243; sidebar=&#8220;sidebar-1&#8243;][vc_column][\/vc_column][\/mk_page_section]\n","protected":false},"excerpt":{"rendered":"<p>[mk_page_section bg_image=&#8220;http:\/\/www.fusspflege-toffen.ch\/wp-content\/uploads\/2016\/09\/adobestock_81831552.jpeg&#8220; attachment=&#8220;fixed&#8220; bg_position=&#8220;center bottom&#8220; bg_repeat=&#8220;no-repeat&#8220; bg_stretch=&#8220;true&#8220; enable_3d=&#8220;true&#8220; video_loop=&#8220;false&#8220; video_color_mask=&#8220;#000000&#8243; video_opacity=&#8220;0.4&#8243; full_width=&#8220;true&#8220; full_height=&#8220;true&#8220; top_shape_color=&#8220;#ffffff&#8220; has_bottom_shape_divider=&#8220;true&#8220; bottom_shape_color=&#8220;#ffffff&#8220; sidebar=&#8220;sidebar-1&#8243;][vc_column][mk_fancy_title tag_name=&#8220;h1&#8243; color=&#8220;#ffffff&#8220; size=&#8220;100&#8243; force_font_size=&#8220;true&#8220; size_tablet=&#8220;60&#8243; font_weight=&#8220;bold&#8220; txt_transform=&#8220;capitalize&#8220; font_family=&#8220;Playfair+Display&#8220; font_type=&#8220;google&#8220; align=&#8220;center&#8220;]Mit jedem Schritt[\/mk_fancy_title][mk_divider style=&#8220;thin_solid&#8220; divider_width=&#8220;custom_width&#8220; custom_width=&#8220;340&#8243; thin_single_color=&#8220;#ffffff&#8220; margin_top=&#8220;0&#8243; margin_bottom=&#8220;40&#8243;][mk_fancy_title tag_name=&#8220;h6&#8243; color=&#8220;#ffffff&#8220; size=&#8220;18&#8243; font_weight=&#8220;300&#8243; txt_transform=&#8220;uppercase&#8220; letter_spacing=&#8220;4&#8243; margin_bottom=&#8220;0&#8243; font_family=&#8220;Open+Sans&#8220; font_type=&#8220;google&#8220; align=&#8220;center&#8220;]lassen wir ein St\u00fcck Vergangenheit hinter uns[\/mk_fancy_title][mk_fancy_title tag_name=&#8220;h6&#8243; color=&#8220;#ffffff&#8220; size=&#8220;18&#8243; font_weight=&#8220;300&#8243; [&hellip;]<\/p>\n","protected":false},"author":1,"featured_media":0,"parent":0,"menu_order":0,"comment_status":"closed","ping_status":"closed","template":"","meta":{"_mi_skip_tracking":false},"yoast_head":"<!-- This site is optimized with the Yoast SEO plugin v18.4.1 - https:\/\/yoast.com\/wordpress\/plugins\/seo\/ -->\n<title>\u00dcber mich - Claudia Str&uuml;bin Fusspflegepraxis<\/title>\n<meta name=\"description\" content=\"Fusspflege Praxis Toffen\" \/>\n<meta name=\"robots\" content=\"index, follow, max-snippet:-1, max-image-preview:large, max-video-preview:-1\" \/>\n<link rel=\"canonical\" href=\"https:\/\/www.fusspflege-toffen.ch\/?page_id=9\" \/>\n<meta property=\"og:locale\" content=\"de_DE\" \/>\n<meta property=\"og:type\" content=\"article\" \/>\n<meta property=\"og:title\" content=\"\u00dcber mich - Claudia Str&uuml;bin Fusspflegepraxis\" \/>\n<meta property=\"og:description\" content=\"Fusspflege Praxis Toffen\" \/>\n<meta property=\"og:url\" content=\"https:\/\/www.fusspflege-toffen.ch\/?page_id=9\" \/>\n<meta property=\"og:site_name\" content=\"Claudia Str&uuml;bin Fusspflegepraxis\" \/>\n<meta property=\"article:modified_time\" content=\"2018-04-23T20:56:23+00:00\" \/>\n<meta name=\"twitter:card\" content=\"summary\" \/>\n<meta name=\"twitter:label1\" content=\"Gesch\u00e4tzte Lesezeit\" \/>\n\t<meta name=\"twitter:data1\" content=\"4 Minuten\" \/>\n<script type=\"application\/ld+json\" class=\"yoast-schema-graph\">{\"@context\":\"https:\/\/schema.org\",\"@graph\":[{\"@type\":\"WebSite\",\"@id\":\"https:\/\/www.fusspflege-toffen.ch\/#website\",\"url\":\"https:\/\/www.fusspflege-toffen.ch\/\",\"name\":\"Claudia Str&uuml;bin Fusspflegepraxis\",\"description\":\"Fusspflegepraxis in Toffen\",\"potentialAction\":[{\"@type\":\"SearchAction\",\"target\":{\"@type\":\"EntryPoint\",\"urlTemplate\":\"https:\/\/www.fusspflege-toffen.ch\/?s={search_term_string}\"},\"query-input\":\"required name=search_term_string\"}],\"inLanguage\":\"de-DE\"},{\"@type\":\"WebPage\",\"@id\":\"https:\/\/www.fusspflege-toffen.ch\/?page_id=9#webpage\",\"url\":\"https:\/\/www.fusspflege-toffen.ch\/?page_id=9\",\"name\":\"\u00dcber mich - Claudia Str&uuml;bin Fusspflegepraxis\",\"isPartOf\":{\"@id\":\"https:\/\/www.fusspflege-toffen.ch\/#website\"},\"datePublished\":\"2016-03-17T17:33:14+00:00\",\"dateModified\":\"2018-04-23T20:56:23+00:00\",\"description\":\"Fusspflege Praxis Toffen\",\"breadcrumb\":{\"@id\":\"https:\/\/www.fusspflege-toffen.ch\/?page_id=9#breadcrumb\"},\"inLanguage\":\"de-DE\",\"potentialAction\":[{\"@type\":\"ReadAction\",\"target\":[\"https:\/\/www.fusspflege-toffen.ch\/?page_id=9\"]}]},{\"@type\":\"BreadcrumbList\",\"@id\":\"https:\/\/www.fusspflege-toffen.ch\/?page_id=9#breadcrumb\",\"itemListElement\":[{\"@type\":\"ListItem\",\"position\":1,\"name\":\"Startseite\",\"item\":\"https:\/\/www.fusspflege-toffen.ch\/\"},{\"@type\":\"ListItem\",\"position\":2,\"name\":\"\u00dcber mich\"}]}]}<\/script>\n<!-- \/ Yoast SEO plugin. -->","yoast_head_json":{"title":"\u00dcber mich - Claudia Str&uuml;bin Fusspflegepraxis","description":"Fusspflege Praxis Toffen","robots":{"index":"index","follow":"follow","max-snippet":"max-snippet:-1","max-image-preview":"max-image-preview:large","max-video-preview":"max-video-preview:-1"},"canonical":"https:\/\/www.fusspflege-toffen.ch\/?page_id=9","og_locale":"de_DE","og_type":"article","og_title":"\u00dcber mich - Claudia Str&uuml;bin Fusspflegepraxis","og_description":"Fusspflege Praxis Toffen","og_url":"https:\/\/www.fusspflege-toffen.ch\/?page_id=9","og_site_name":"Claudia Str&uuml;bin Fusspflegepraxis","article_modified_time":"2018-04-23T20:56:23+00:00","twitter_card":"summary","twitter_misc":{"Gesch\u00e4tzte Lesezeit":"4 Minuten"},"schema":{"@context":"https:\/\/schema.org","@graph":[{"@type":"WebSite","@id":"https:\/\/www.fusspflege-toffen.ch\/#website","url":"https:\/\/www.fusspflege-toffen.ch\/","name":"Claudia Str&uuml;bin Fusspflegepraxis","description":"Fusspflegepraxis in Toffen","potentialAction":[{"@type":"SearchAction","target":{"@type":"EntryPoint","urlTemplate":"https:\/\/www.fusspflege-toffen.ch\/?s={search_term_string}"},"query-input":"required name=search_term_string"}],"inLanguage":"de-DE"},{"@type":"WebPage","@id":"https:\/\/www.fusspflege-toffen.ch\/?page_id=9#webpage","url":"https:\/\/www.fusspflege-toffen.ch\/?page_id=9","name":"\u00dcber mich - Claudia Str&uuml;bin Fusspflegepraxis","isPartOf":{"@id":"https:\/\/www.fusspflege-toffen.ch\/#website"},"datePublished":"2016-03-17T17:33:14+00:00","dateModified":"2018-04-23T20:56:23+00:00","description":"Fusspflege Praxis Toffen","breadcrumb":{"@id":"https:\/\/www.fusspflege-toffen.ch\/?page_id=9#breadcrumb"},"inLanguage":"de-DE","potentialAction":[{"@type":"ReadAction","target":["https:\/\/www.fusspflege-toffen.ch\/?page_id=9"]}]},{"@type":"BreadcrumbList","@id":"https:\/\/www.fusspflege-toffen.ch\/?page_id=9#breadcrumb","itemListElement":[{"@type":"ListItem","position":1,"name":"Startseite","item":"https:\/\/www.fusspflege-toffen.ch\/"},{"@type":"ListItem","position":2,"name":"\u00dcber mich"}]}]}},"_links":{"self":[{"href":"http:\/\/www.fusspflege-toffen.ch\/index.php?rest_route=\/wp\/v2\/pages\/9"}],"collection":[{"href":"http:\/\/www.fusspflege-toffen.ch\/index.php?rest_route=\/wp\/v2\/pages"}],"about":[{"href":"http:\/\/www.fusspflege-toffen.ch\/index.php?rest_route=\/wp\/v2\/types\/page"}],"author":[{"embeddable":true,"href":"http:\/\/www.fusspflege-toffen.ch\/index.php?rest_route=\/wp\/v2\/users\/1"}],"replies":[{"embeddable":true,"href":"http:\/\/www.fusspflege-toffen.ch\/index.php?rest_route=%2Fwp%2Fv2%2Fcomments&post=9"}],"version-history":[{"count":65,"href":"http:\/\/www.fusspflege-toffen.ch\/index.php?rest_route=\/wp\/v2\/pages\/9\/revisions"}],"predecessor-version":[{"id":8732,"href":"http:\/\/www.fusspflege-toffen.ch\/index.php?rest_route=\/wp\/v2\/pages\/9\/revisions\/8732"}],"wp:attachment":[{"href":"http:\/\/www.fusspflege-toffen.ch\/index.php?rest_route=%2Fwp%2Fv2%2Fmedia&parent=9"}],"curies":[{"name":"wp","href":"https:\/\/api.w.org\/{rel}","templated":true}]}}